 + 2. Calculate the remainder when f(-2) is divided by n.
10
Let k = -12755 + 12861. Suppose 3*p = -4*o + 2*o + 39, 3*o = -2*p + 61. Let g = 1 + o. Calculate the remainder when k is divided by g.
18
Let d = 15 - 12. Let w(y) be the second derivative of 3*y**5/10 - y**4/4 - y**3/6 + 5*y**2 + 9*y. Calculate the remainder when w(d) is divided by 36.
34
Let y be (2/1)/4 - 1815/(-10). Suppose 0 = -2*a + 4*n - 7*n + 90, 5*n - y = -4*a. Calculate the remainder when a is divided by 25.
23
Let z = -110 - -198. Let a = -707 + 716. Calculate the remainder when z is divided by a.
7
Let q(o) = 3*o**3 - 37*o**2 + 17*o - 44. What is the remainder when 45 is divided by q(12)?
13
Let v be 0/(-1) + -2 + 12. Let q = v - 18. What is the remainder when (-2250)/(-24) - 2/q is divided by 24?
22
What is the remainder when 1614 is divided by (4 - 112/6)*(-11 - 315/(-36))?
30
Let h(b) = 2*b**3 - 16*b**2 + 6*b - 9. Let q be h(8). Let i = 48 - q. Calculate the remainder when 59 is divided by i.
5
Let s(v) = -251*v + 787. Calculate the remainder when s(0) is divided by 208.
163
Suppose y = -3*v + 72, -y + 4*v - 2*v + 72 = 0. Suppose -b = -4*b + y. Suppose 2*u = 193 - 55. Calculate the remainder when u is divided by b.
21
Let c(d) = 5*d - 2. Let a(x) = -x**3 + 8*x**2 + 10*x - 2. Let g be a(9). Let y(v) = -v**2 + 26*v + 169. Calculate the remainder when c(g) is divided by y(31).
5
Let r = 4373 - 4209. What is the remainder when 3443 is divided by r?
163
Let o(j) = -3*j - 4. Let r(b) = -b + 11. Let i be r(8). Suppose i*t - 2*m + 13 = 0, 5*m - 2 + 22 = 0. Calculate the remainder when o(t) is divided by 11.
6
Let y(b) = -b**2 - 27*b - 17. Let m be y(-15). Let s = m + -120. Calculate the remainder when s is divided by 15.
13
Suppose -4*f + 61 = -y, -5*f - 4*y = -2*f - 22. Suppose -b = b - 4*u - f, b = 4*u + 1. Calculate the remainder when 20 is divided by b.
7
Let t = 3 + -2. Let k(o) = 24*o**2 + 3*o - 4. Let z = -16 - -25. What is the remainder when k(t) is divided by z?
5
Suppose 10*g + 18*g = 700. Suppose -4*s = s + 2*x - 62, 2*s = -x + g. What is the remainder when 40 is divided by s?
4
Let a be 28/(-70) + (-5212)/(-5). Suppose -a - 722 = -6*b. Let x = -95 + b. Calculate the remainder when x is divided by 50.
49
Let k = 5840 + -5642. Calculate the remainder when 7324 is divided by k.
196
Suppose 69*u = -5354 + 25019. What is the remainder when u is divided by 283?
2
Let x(j) = j**2 - 55*j - 338. Calculate the remainder when 141 is divided by x(61).
1
Suppose 60*y - 115*y + 57*y - 904 = 0. What is the remainder when y is divided by 125?
77
Suppose 2*p - 7*p + 15 = 0. Suppose 0 = p*o + 2*o - 80. Let l = 3622 - 3562. What is the remainder when l is divided by o?
12
Let g = -13 - -25. Let q = -177252 - -177261. Calculate the remainder when g is divided by q.
3
Suppose 3*j = -4*p - 0*j + 92, 0 = 5*p + 2*j - 108. Suppose 2*z = 3*c + 5, -5*c + 20*z = 25*z - 25. Calculate the remainder when p is divided by c.
0
Let u = -16713 - -17048. What is the remainder when 24119 is divided by u?
334
What is the remainder when 290 is divided by 10 + (-5 - -28) + (-1 - 3)?
0
What is the remainder when ((-144)/30 + 6)/(16387/2730 - 6) is divided by 33?
6
Let k be 7/(22/77 + (-9)/105). Suppose k*q - 179 = -39. What is the remainder when (-9)/(1 + 13/(-10)) is divided by q?
2
Let p(b) = -b**3 - 6*b**2 + 6*b - 4. Suppose -6*a = 504 + 474. Let w = -162 - a. Calculate the remainder when p(-7) is divided by w.
0
What is the remainder when ((-216)/162)/((-4)/3) + 670 is divided by 300?
71
Let h(l) = 9*l**2 + 19 + 11*l**2 + 5*l + l**3 - 6*l**2 - 33*l**2. Let z be h(19). Calculate the remainder when (-1)/((-2)/z)*(-33)/(-33) is divided by 16.
9
Suppose 9*c = 6*c + 45. Let w(i) = i - 5. Let u be w(7). Suppose l + 3*q = 94, -114 = 2*l - u*q - 286. Calculate the remainder when l is divided by c.
13
Calculate the remainder when 115 is divided by (-2 - (16 - 11))*12/(-3).
3
Suppose -2*t - 2*z = -226, 103*t + 6*z - 118 = 102*t. Calculate the remainder when t is divided by 10.
2
Suppose -199 = -u + 4*u - d, 5*u - 5*d + 335 = 0. Let y = 76 + u. What is the remainder when 109 is divided by y?
9
Suppose 10*q - 5*i = 14*q - 137, 0 = 5*q + 3*i - 155. Calculate the remainder when 12/q - 642/(-21) is divided by 20.
11
Let k(s) = 2*s**3 - 6*s**2 + s - 3. Suppose -5*x = m - 0*m - 44, x - 81 = -4*m. Calculate the remainder when k(4) is divided by m.
14
Let f(s) = 15*s**2 - 159*s. What is the remainder when 366 is divided by f(11)?
36
What is the remainder when 0 - -33*11 - (14 + -23) is divided by 16?
4
Suppose -6*b = 118 + 2. Calculate the remainder when (-8261)/(-55) + (-16)/b is divided by 31.
27
Let y = 59 - -23. Suppose -4*z - z + x = 210, 3*z - x = -128. Let l = z + 53. Calculate the remainder when y is divided by l.
10
Let i(y) = -y**2 + 26*y + 44. Let v be i(17). Let o = -160 + v. Calculate the remainder when 218 is divided by o.
33
What is the remainder when 1062 is divided by 13*16/104*70/5?
26
Let p(f) = -5*f**2 - 2*f + 457. Let b be p(0). Calculate the remainder when b/7 + 2/(-7) is divided by 12.
5
Let r(m) = -4*m - 7. Let q be 1 + (-2 - -1) + -8. Let v = -2497 - -2514. Calculate the remainder when r(q) is divided by v.
8
Calculate the remainder when (-1 + 2 - 7)*(6579/(-86))/51 is divided by ((-3)/2)/((-12)/32).
1
What is the remainder when (10*1 + -24 + 24)*150 is divided by 126?
114
Let j(u) be the first derivative of 35*u**2 - 244*u - 188. Calculate the remainder when j(9) is divided by 65.
61
Let v(i) = -27*i**2 + 26*i + 5. Calculate the remainder when 690 is divided by v(1).
2
Suppose 0 = -5*x + 3*k + 789, -5*x - 5*k = -7*x + 308. Calculate the remainder when 211 is divided by x.
52
Let r be ((-15)/20)/((-3)/8). Suppose -23 + 79 = r*c. Suppose -5*q + 9*q - 440 = 0. Calculate the remainder when q is divided by c.
26
Suppose -5*h + 80 = 5*x, -3*x - 8 + 5 = 0. Suppose n + 2*d + 31 = 0, 0 = n - d + 16 - 0. What is the remainder when h is divided by (-2)/3*n/2?
3
Let v = 36100 + -36073. What is the remainder when 369 is divided by v?
18
Let i(a) = 2*a + 2. Let r(h) = -228*h - 70. Let o(w) = 3*i(w) - r(w). Calculate the remainder when o(3) is divided by 41.
40
Suppose 72*g = 78*g - 1026. Suppose g*n - 135 = 166*n. What is the remainder when 77 is divided by n?
23
Suppose -3*r + 127 = 3*i - 62, 5*r = -3*i + 315. Calculate the remainder when 65 is divided by r.
2
Suppose 4*k = 14 - 10. Let y be (-9)/(3/4*(-1 - k)). Suppose -y = 2*x - 28. Calculate the remainder when 38 is divided by x.
5
Suppose 3*p - 38 = 2*p. Suppose 5*r = t - 169, -3*t - 41 = r - 5*t. Calculate the remainder when p is divided by 4/(-4)*(-11)/(r/(-30)).
8
Let f = -6 + 11. Suppose -3*w - 173 = -f*y - 1143, 0 = w - 5*y - 310. Suppose 0 = -6*v + 834 + w. Calculate the remainder when v is divided by 39.
38
Let c = 145 - 141. Let r(n) = 4*n**2 - 15*n + 7. Let w(i) = 20*i**2 - i - 1. What is the remainder when w(-1) is divided by r(c)?
9
Let r(v) = -2*v**3 + 11*v**2 + 4*v + 25. Let y = 72 - 75. Let d(c) = 14*c**2 - c - 15. Calculate the remainder when d(y) is divided by r(6).
10
Let j(k) = -6*k**3 - 120*k**2 - 7*k - 39. Calculate the remainder when j(-21) is divided by 13.
11
Suppose -21*x + 20*x + 3 = 0. Suppose -2*m + 103 = -3*h, 11 = -x*m - h + 138. Let r = 6 - 1. Calculate the remainder when m is divided by r.
4
Suppose -7*z = -0*z. Suppose z*b + 1554 = 6*b. Suppose 9*c + 88 = b. Calculate the remainder when 72 is divided by c.
15
Let a = -5 + 37. What is the remainder when ((-32)/(-80))/(4/430) is divided by a?
11
Let n(f) = -198*f**3 - 2*f**2 - f + 2. Let l be n(1). Let d = l - -257. Calculate the remainder when d is divided by 10*(16/5 + -2).
10
Let n = 616 + -572. What is the remainder when n is divided by 22?
0
Let x be (-2)/4*-1 - 143/2. Let g = -1 - x. Suppose g = 15*p - 10*p. What is the remainder when 26 is divided by p?
12
Suppose -3*h - 2*h = 5*h - 130. Let a(k) = k**2 + 11*k + 15. Let i be (-1)/(-4) + (-41)/4. What is the remainder when h is divided by a(i)?
3
Suppose 0 = 7*m - 267 - 1413. Suppose -f = -5*g - 36, 0*f = 5*f + 5*g - m. Let n = f + -35. What is the remainder when 41 is divided by n?
8
Let y = -134 + 46. Let u = 92 + y. Suppose -9*g = -u*g - 115. Calculate the remainder when 133 is divided by g.
18
Suppose 5*p - 4